{"id":367,"date":"2020-06-23T11:24:57","date_gmt":"2020-06-23T09:24:57","guid":{"rendered":"http:\/\/kottig.net\/kampfmaus\/?page_id=367"},"modified":"2020-06-23T11:33:33","modified_gmt":"2020-06-23T09:33:33","slug":"mutter-muss-was-essen","status":"publish","type":"page","link":"http:\/\/kottig.net\/kampfmaus\/mutter-muss-was-essen\/","title":{"rendered":"Mutter muss was essen"},"content":{"rendered":"\n<p>Ein kleines Buch \u00fcber Probleme beim Essen und Trinken<\/p>\n\n\n\n<p>F\u00fcr Angeh\u00f6rige und Pflegende<\/p>\n\n\n\n<figure class=\"wp-block-image size-large\"><img loading=\"lazy\" decoding=\"async\" width=\"785\" height=\"1024\" src=\"http:\/\/kottig.net\/kampfmaus\/wp-content\/uploads\/2020\/06\/Mutter-Front-785x1024.jpg\" alt=\"\" class=\"wp-image-368\" srcset=\"http:\/\/kottig.net\/kampfmaus\/wp-content\/uploads\/2020\/06\/Mutter-Front-785x1024.jpg 785w, http:\/\/kottig.net\/kampfmaus\/wp-content\/uploads\/2020\/06\/Mutter-Front-230x300.jpg 230w, http:\/\/kottig.net\/kampfmaus\/wp-content\/uploads\/2020\/06\/Mutter-Front-768x1002.jpg 768w, http:\/\/kottig.net\/kampfmaus\/wp-content\/uploads\/2020\/06\/Mutter-Front-1178x1536.jpg 1178w, http:\/\/kottig.net\/kampfmaus\/wp-content\/uploads\/2020\/06\/Mutter-Front-1570x2048.jpg 1570w, http:\/\/kottig.net\/kampfmaus\/wp-content\/uploads\/2020\/06\/Mutter-Front-scaled.jpg 1963w\" sizes=\"(max-width: 785px) 100vw, 785px\" \/><\/figure>\n\n\n\n<p><strong>Buchshop:<\/strong> <a href=\"https:\/\/www.lulu.com\/de\/de\/shop\/judith-weiter\/mutter-muss-was-essen\/paperback\/product-ygqmvd.html\" target=\"_blank\" rel=\"noreferrer noopener\">Hier geht es zum Shop.<\/a><\/p>\n\n\n\n<p><\/p>\n","protected":false},"excerpt":{"rendered":"<p>Ein kleines Buch \u00fcber Probleme beim Essen und Trinken F\u00fcr Angeh\u00f6rige und Pflegende Buchshop: Hier geht es zum Shop.<\/p>\n","protected":false},"author":1,"featured_media":0,"parent":0,"menu_order":0,"comment_status":"closed","ping_status":"closed","template":"","meta":{"footnotes":""},"_links":{"self":[{"href":"http:\/\/kottig.net\/kampfmaus\/wp-json\/wp\/v2\/pages\/367"}],"collection":[{"href":"http:\/\/kottig.net\/kampfmaus\/wp-json\/wp\/v2\/pages"}],"about":[{"href":"http:\/\/kottig.net\/kampfmaus\/wp-json\/wp\/v2\/types\/page"}],"author":[{"embeddable":true,"href":"http:\/\/kottig.net\/kampfmaus\/wp-json\/wp\/v2\/users\/1"}],"replies":[{"embeddable":true,"href":"http:\/\/kottig.net\/kampfmaus\/wp-json\/wp\/v2\/comments?post=367"}],"version-history":[{"count":4,"href":"http:\/\/kottig.net\/kampfmaus\/wp-json\/wp\/v2\/pages\/367\/revisions"}],"predecessor-version":[{"id":373,"href":"http:\/\/kottig.net\/kampfmaus\/wp-json\/wp\/v2\/pages\/367\/revisions\/373"}],"wp:attachment":[{"href":"http:\/\/kottig.net\/kampfmaus\/wp-json\/wp\/v2\/media?parent=367"}],"curies":[{"name":"wp","href":"https:\/\/api.w.org\/{rel}","templated":true}]}}