{"id":16,"date":"2013-01-01T18:25:05","date_gmt":"2013-01-01T16:25:05","guid":{"rendered":"http:\/\/kottig.net\/kampfmaus\/?page_id=16"},"modified":"2017-12-17T19:34:35","modified_gmt":"2017-12-17T17:34:35","slug":"die-kampfmause","status":"publish","type":"page","link":"http:\/\/kottig.net\/kampfmaus\/die-kampfmause\/","title":{"rendered":"Die Kampfm\u00e4use"},"content":{"rendered":"<p style=\"text-align: justify;\"><em>Die Kampfm\u00e4use<\/em> ist ein Angebot zur F\u00f6rderung der motorischen und kognitiven F\u00e4higkeiten von Kindern im Vorschulalter.<\/p>\n<p style=\"text-align: justify;\">Es f\u00f6rdert die acht wichtigsten F\u00e4higkeiten, die Grundlage f\u00fcr eine aktive Teilnahme an sportlichen und vielen anderen Gruppenaktivit\u00e4ten sind.<\/p>\n<p style=\"text-align: justify;\">Basis der <em>Kampfm\u00e4use<\/em> ist ein Programm der Universit\u00e4t San Diego, das hiermit angepasst an hiesige Anforderungen in Deutschland angeboten wird. Ihre Kinder lernen, sich zu bewegen; sie erlangen ein besseres Gef\u00fchl f\u00fcr ihren K\u00f6rper und ein besseres Selbstbewusstsein \u2013 und sie werden ganz nebenbei auf die Teilnahme am Kampfkunst-Training vorbereitet.<\/p>\n<p style=\"text-align: justify;\"><strong><em>Die Kampfm\u00e4use<\/em> trainieren\u2026<\/strong><\/p>\n<ol style=\"text-align: justify;\">\n<li>Aufmerksamkeit: f\u00fcr besseres Zuh\u00f6ren, Hinsehen, Lernen<\/li>\n<li>Teamwork: f\u00fcr mehr (Selbst-)Vertrauen in der Gruppe und f\u00fcr bessere Kontakte<\/li>\n<li>Kontrolle: f\u00fcr Bewusstheit und bessere Entscheidungsf\u00e4higkeit<\/li>\n<li>Gleichgewicht: f\u00fcr eine gute Haltung und K\u00f6rperbeherrschung &#8211; f\u00fcr alle sportlichen Aktivit\u00e4ten<\/li>\n<li>Ged\u00e4chtnis: als Basis f\u00fcr jegliches Lernen<\/li>\n<li>Disziplin: f\u00fcr eine positive Sicht auf allgemeine Regeln und ein gutes Selbstwertgef\u00fchl<\/li>\n<li>K\u00f6rperliche Fitness: f\u00fcr eine gesunde physische Grundlage<\/li>\n<li>Koordination: f\u00fcr alle Bewegungsaktivit\u00e4ten und eine geringere Verletzungsgefahr<\/li>\n<\/ol>\n<p style=\"text-align: justify;\">Unser Ziel ist es, Ihrem Kind eine gute, solide Basis f\u00fcr viele Lebensbereiche zu vermitteln.<\/p>\n<p style=\"text-align: justify;\">Haben Sie weitere Fragen? Schreiben Sie an: info@bewegen-und-sprechen.de<\/p>\n","protected":false},"excerpt":{"rendered":"<p>Die Kampfm\u00e4use ist ein Angebot zur F\u00f6rderung der motorischen und kognitiven F\u00e4higkeiten von Kindern im Vorschulalter. Es f\u00f6rdert die acht wichtigsten F\u00e4higkeiten, die Grundlage f\u00fcr eine aktive Teilnahme an sportlichen und vielen anderen Gruppenaktivit\u00e4ten sind. Basis der Kampfm\u00e4use ist ein Programm der Universit\u00e4t San Diego, das hiermit angepasst an hiesige Anforderungen in Deutschland angeboten wird. [&hellip;]<\/p>\n","protected":false},"author":1,"featured_media":0,"parent":0,"menu_order":0,"comment_status":"open","ping_status":"open","template":"","meta":{"footnotes":""},"_links":{"self":[{"href":"http:\/\/kottig.net\/kampfmaus\/wp-json\/wp\/v2\/pages\/16"}],"collection":[{"href":"http:\/\/kottig.net\/kampfmaus\/wp-json\/wp\/v2\/pages"}],"about":[{"href":"http:\/\/kottig.net\/kampfmaus\/wp-json\/wp\/v2\/types\/page"}],"author":[{"embeddable":true,"href":"http:\/\/kottig.net\/kampfmaus\/wp-json\/wp\/v2\/users\/1"}],"replies":[{"embeddable":true,"href":"http:\/\/kottig.net\/kampfmaus\/wp-json\/wp\/v2\/comments?post=16"}],"version-history":[{"count":12,"href":"http:\/\/kottig.net\/kampfmaus\/wp-json\/wp\/v2\/pages\/16\/revisions"}],"predecessor-version":[{"id":276,"href":"http:\/\/kottig.net\/kampfmaus\/wp-json\/wp\/v2\/pages\/16\/revisions\/276"}],"wp:attachment":[{"href":"http:\/\/kottig.net\/kampfmaus\/wp-json\/wp\/v2\/media?parent=16"}],"curies":[{"name":"wp","href":"https:\/\/api.w.org\/{rel}","templated":true}]}}